{"id":5589,"date":"2023-05-18T17:58:55","date_gmt":"2023-05-18T15:58:55","guid":{"rendered":"https:\/\/www.annejacqueminsablon.fr\/?post_type=product&#038;p=5589"},"modified":"2024-12-03T15:28:34","modified_gmt":"2024-12-03T14:28:34","slug":"table-madere","status":"publish","type":"product","link":"https:\/\/www.annejacqueminsablon.fr\/en\/produit\/table-madere\/","title":{"rendered":"Mad\u00e8re Table"},"content":{"rendered":"<h3 class=\"p1\">MAD\u00c8RE TABLE<\/h3>\n<p>The Mad\u00e8re table in smoked and tinted oak is part of the Panama collection. It was designed by Atelier Linn\u00e9 in 2023. Its oval top and cross-shaped legs, profiled on the outside, lend a softness to this sculptural table. The matt varnish finish subtly catches the light and reveals the oak grain with great elegance. This table is manufactured in France in our workshops.<\/p>\n<p>Options: Various finishes available. Can be made to measure<\/p>\n","protected":false},"excerpt":{"rendered":"<p>Atelier Linn\u00e9<br \/>\n<em>Mad\u00e8re Table<\/em>, 2023<br \/>\nTinted and varnished smoked oak<br \/>\n195 x 108 x 76cm \/ 76,77 x 42,51 x 29,92 in<\/p>\n<p>Options: Various finishes available. Can be made to measure<\/p>\n<p>&nbsp;<\/p>\n<p>A certificate of authenticity is issued by the gallery<\/p>\n","protected":false},"featured_media":2900,"template":"","meta":{"_acf_changed":false},"product-pages":[],"product_cat":[177],"product_tag":[185],"class_list":{"0":"post-5589","1":"product","2":"type-product","3":"status-publish","4":"has-post-thumbnail","6":"product_cat-furniture","7":"product_tag-atelier-linne-en","9":"first","10":"onbackorder","11":"taxable","12":"shipping-taxable","13":"purchasable","14":"product-type-simple"},"acf":[],"yoast_head":"<!-- This site is optimized with the Yoast SEO plugin v23.7 - https:\/\/yoast.com\/wordpress\/plugins\/seo\/ -->\n<title>Mad\u00e8re Table - Anne Jacquemin Sablon<\/title>\n<meta name=\"description\" content=\"The Mad\u00e8re table in smoked and tinted oak is part of the Panama collection. It was designed by Atelier Linn\u00e9 in 2023. Its oval top and cross-shaped legs\" \/>\n<meta name=\"robots\" content=\"index, follow, max-snippet:-1, max-image-preview:large, max-video-preview:-1\" \/>\n<link rel=\"canonical\" href=\"https:\/\/www.annejacqueminsablon.fr\/en\/produit\/table-madere\/\" \/>\n<meta property=\"og:locale\" content=\"en_US\" \/>\n<meta property=\"og:type\" content=\"article\" \/>\n<meta property=\"og:title\" content=\"Mad\u00e8re Table - Anne Jacquemin Sablon\" \/>\n<meta property=\"og:description\" content=\"The Mad\u00e8re table in smoked and tinted oak is part of the Panama collection. It was designed by Atelier Linn\u00e9 in 2023. Its oval top and cross-shaped legs\" \/>\n<meta property=\"og:url\" content=\"https:\/\/www.annejacqueminsablon.fr\/en\/produit\/table-madere\/\" \/>\n<meta property=\"og:site_name\" content=\"Anne Jacquemin Sablon\" \/>\n<meta property=\"article:modified_time\" content=\"2024-12-03T14:28:34+00:00\" \/>\n<meta property=\"og:image\" content=\"https:\/\/www.annejacqueminsablon.fr\/wp-content\/uploads\/2023\/05\/table.jpg\" \/>\n\t<meta property=\"og:image:width\" content=\"1000\" \/>\n\t<meta property=\"og:image:height\" content=\"750\" \/>\n\t<meta property=\"og:image:type\" content=\"image\/jpeg\" \/>\n<meta name=\"twitter:card\" content=\"summary_large_image\" \/>\n<meta name=\"twitter:label1\" content=\"Est. reading time\" \/>\n\t<meta name=\"twitter:data1\" content=\"1 minute\" \/>\n<script type=\"application\/ld+json\" class=\"yoast-schema-graph\">{\"@context\":\"https:\/\/schema.org\",\"@graph\":[{\"@type\":\"WebPage\",\"@id\":\"https:\/\/www.annejacqueminsablon.fr\/en\/produit\/table-madere\/\",\"url\":\"https:\/\/www.annejacqueminsablon.fr\/en\/produit\/table-madere\/\",\"name\":\"Mad\u00e8re Table - Anne Jacquemin Sablon\",\"isPartOf\":{\"@id\":\"https:\/\/www.annejacqueminsablon.fr\/#website\"},\"primaryImageOfPage\":{\"@id\":\"https:\/\/www.annejacqueminsablon.fr\/en\/produit\/table-madere\/#primaryimage\"},\"image\":{\"@id\":\"https:\/\/www.annejacqueminsablon.fr\/en\/produit\/table-madere\/#primaryimage\"},\"thumbnailUrl\":\"https:\/\/www.annejacqueminsablon.fr\/wp-content\/uploads\/2023\/05\/table.jpg\",\"datePublished\":\"2023-05-18T15:58:55+00:00\",\"dateModified\":\"2024-12-03T14:28:34+00:00\",\"description\":\"The Mad\u00e8re table in smoked and tinted oak is part of the Panama collection. It was designed by Atelier Linn\u00e9 in 2023. Its oval top and cross-shaped legs\",\"breadcrumb\":{\"@id\":\"https:\/\/www.annejacqueminsablon.fr\/en\/produit\/table-madere\/#breadcrumb\"},\"inLanguage\":\"en-US\",\"potentialAction\":[{\"@type\":\"ReadAction\",\"target\":[\"https:\/\/www.annejacqueminsablon.fr\/en\/produit\/table-madere\/\"]}]},{\"@type\":\"ImageObject\",\"inLanguage\":\"en-US\",\"@id\":\"https:\/\/www.annejacqueminsablon.fr\/en\/produit\/table-madere\/#primaryimage\",\"url\":\"https:\/\/www.annejacqueminsablon.fr\/wp-content\/uploads\/2023\/05\/table.jpg\",\"contentUrl\":\"https:\/\/www.annejacqueminsablon.fr\/wp-content\/uploads\/2023\/05\/table.jpg\",\"width\":1000,\"height\":750},{\"@type\":\"BreadcrumbList\",\"@id\":\"https:\/\/www.annejacqueminsablon.fr\/en\/produit\/table-madere\/#breadcrumb\",\"itemListElement\":[{\"@type\":\"ListItem\",\"position\":1,\"name\":\"Home\",\"item\":\"https:\/\/www.annejacqueminsablon.fr\/\"},{\"@type\":\"ListItem\",\"position\":2,\"name\":\"Boutique\",\"item\":\"https:\/\/www.annejacqueminsablon.fr\/boutique\/\"},{\"@type\":\"ListItem\",\"position\":3,\"name\":\"Mad\u00e8re Table\"}]},{\"@type\":\"WebSite\",\"@id\":\"https:\/\/www.annejacqueminsablon.fr\/#website\",\"url\":\"https:\/\/www.annejacqueminsablon.fr\/\",\"name\":\"Anne Jacquemin Sablon\",\"description\":\"Design d&#039;int\u00e9rieur, mobilier contemporain, arts d\u00e9coratifs\",\"potentialAction\":[{\"@type\":\"SearchAction\",\"target\":{\"@type\":\"EntryPoint\",\"urlTemplate\":\"https:\/\/www.annejacqueminsablon.fr\/?s={search_term_string}\"},\"query-input\":{\"@type\":\"PropertyValueSpecification\",\"valueRequired\":true,\"valueName\":\"search_term_string\"}}],\"inLanguage\":\"en-US\"}]}<\/script>\n<!-- \/ Yoast SEO plugin. -->","yoast_head_json":{"title":"Mad\u00e8re Table - Anne Jacquemin Sablon","description":"The Mad\u00e8re table in smoked and tinted oak is part of the Panama collection. It was designed by Atelier Linn\u00e9 in 2023. Its oval top and cross-shaped legs","robots":{"index":"index","follow":"follow","max-snippet":"max-snippet:-1","max-image-preview":"max-image-preview:large","max-video-preview":"max-video-preview:-1"},"canonical":"https:\/\/www.annejacqueminsablon.fr\/en\/produit\/table-madere\/","og_locale":"en_US","og_type":"article","og_title":"Mad\u00e8re Table - Anne Jacquemin Sablon","og_description":"The Mad\u00e8re table in smoked and tinted oak is part of the Panama collection. It was designed by Atelier Linn\u00e9 in 2023. Its oval top and cross-shaped legs","og_url":"https:\/\/www.annejacqueminsablon.fr\/en\/produit\/table-madere\/","og_site_name":"Anne Jacquemin Sablon","article_modified_time":"2024-12-03T14:28:34+00:00","og_image":[{"width":1000,"height":750,"url":"https:\/\/www.annejacqueminsablon.fr\/wp-content\/uploads\/2023\/05\/table.jpg","type":"image\/jpeg"}],"twitter_card":"summary_large_image","twitter_misc":{"Est. reading time":"1 minute"},"schema":{"@context":"https:\/\/schema.org","@graph":[{"@type":"WebPage","@id":"https:\/\/www.annejacqueminsablon.fr\/en\/produit\/table-madere\/","url":"https:\/\/www.annejacqueminsablon.fr\/en\/produit\/table-madere\/","name":"Mad\u00e8re Table - Anne Jacquemin Sablon","isPartOf":{"@id":"https:\/\/www.annejacqueminsablon.fr\/#website"},"primaryImageOfPage":{"@id":"https:\/\/www.annejacqueminsablon.fr\/en\/produit\/table-madere\/#primaryimage"},"image":{"@id":"https:\/\/www.annejacqueminsablon.fr\/en\/produit\/table-madere\/#primaryimage"},"thumbnailUrl":"https:\/\/www.annejacqueminsablon.fr\/wp-content\/uploads\/2023\/05\/table.jpg","datePublished":"2023-05-18T15:58:55+00:00","dateModified":"2024-12-03T14:28:34+00:00","description":"The Mad\u00e8re table in smoked and tinted oak is part of the Panama collection. It was designed by Atelier Linn\u00e9 in 2023. Its oval top and cross-shaped legs","breadcrumb":{"@id":"https:\/\/www.annejacqueminsablon.fr\/en\/produit\/table-madere\/#breadcrumb"},"inLanguage":"en-US","potentialAction":[{"@type":"ReadAction","target":["https:\/\/www.annejacqueminsablon.fr\/en\/produit\/table-madere\/"]}]},{"@type":"ImageObject","inLanguage":"en-US","@id":"https:\/\/www.annejacqueminsablon.fr\/en\/produit\/table-madere\/#primaryimage","url":"https:\/\/www.annejacqueminsablon.fr\/wp-content\/uploads\/2023\/05\/table.jpg","contentUrl":"https:\/\/www.annejacqueminsablon.fr\/wp-content\/uploads\/2023\/05\/table.jpg","width":1000,"height":750},{"@type":"BreadcrumbList","@id":"https:\/\/www.annejacqueminsablon.fr\/en\/produit\/table-madere\/#breadcrumb","itemListElement":[{"@type":"ListItem","position":1,"name":"Home","item":"https:\/\/www.annejacqueminsablon.fr\/"},{"@type":"ListItem","position":2,"name":"Boutique","item":"https:\/\/www.annejacqueminsablon.fr\/boutique\/"},{"@type":"ListItem","position":3,"name":"Mad\u00e8re Table"}]},{"@type":"WebSite","@id":"https:\/\/www.annejacqueminsablon.fr\/#website","url":"https:\/\/www.annejacqueminsablon.fr\/","name":"Anne Jacquemin Sablon","description":"Design d&#039;int\u00e9rieur, mobilier contemporain, arts d\u00e9coratifs","potentialAction":[{"@type":"SearchAction","target":{"@type":"EntryPoint","urlTemplate":"https:\/\/www.annejacqueminsablon.fr\/?s={search_term_string}"},"query-input":{"@type":"PropertyValueSpecification","valueRequired":true,"valueName":"search_term_string"}}],"inLanguage":"en-US"}]}},"_links":{"self":[{"href":"https:\/\/www.annejacqueminsablon.fr\/en\/wp-json\/wp\/v2\/product\/5589","targetHints":{"allow":["GET"]}}],"collection":[{"href":"https:\/\/www.annejacqueminsablon.fr\/en\/wp-json\/wp\/v2\/product"}],"about":[{"href":"https:\/\/www.annejacqueminsablon.fr\/en\/wp-json\/wp\/v2\/types\/product"}],"wp:featuredmedia":[{"embeddable":true,"href":"https:\/\/www.annejacqueminsablon.fr\/en\/wp-json\/wp\/v2\/media\/2900"}],"wp:attachment":[{"href":"https:\/\/www.annejacqueminsablon.fr\/en\/wp-json\/wp\/v2\/media?parent=5589"}],"wp:term":[{"taxonomy":"product-pages","embeddable":true,"href":"https:\/\/www.annejacqueminsablon.fr\/en\/wp-json\/wp\/v2\/product-pages?post=5589"},{"taxonomy":"product_cat","embeddable":true,"href":"https:\/\/www.annejacqueminsablon.fr\/en\/wp-json\/wp\/v2\/product_cat?post=5589"},{"taxonomy":"product_tag","embeddable":true,"href":"https:\/\/www.annejacqueminsablon.fr\/en\/wp-json\/wp\/v2\/product_tag?post=5589"}],"curies":[{"name":"wp","href":"https:\/\/api.w.org\/{rel}","templated":true}]}}

Madère Table

<h3 class="p1">MADÈRE TABLE</h3>
<p>The Madère table in smoked and tinted oak is part of the Panama collection. It was designed by Atelier Linné in 2023. Its oval top and cross-shaped legs, profiled on the outside, lend a softness to this sculptural table. The matt varnish finish subtly catches the light and reveals the oak grain with great elegance. This table is manufactured in France in our workshops.</p>
<p>Options: Various finishes available. Can be made to measure</p>

<p>Atelier Linné<br />
<em>Madère Table</em>, 2023<br />
Tinted and varnished smoked oak<br />
195 x 108 x 76cm / 76,77 x 42,51 x 29,92 in</p>
<p>Options: Various finishes available. Can be made to measure</p>
<p>&nbsp;</p>
<p>A certificate of authenticity is issued by the gallery</p>

<!-- This site is optimized with the Yoast SEO plugin v23.7 - https://yoast.com/wordpress/plugins/seo/ -->
<title>Madère Table - Anne Jacquemin Sablon</title>
<meta name="description" content="The Madère table in smoked and tinted oak is part of the Panama collection. It was designed by Atelier Linné in 2023. Its oval top and cross-shaped legs" />
<meta name="robots" content="index, follow, max-snippet:-1, max-image-preview:large, max-video-preview:-1" />
<link rel="canonical" href="https://www.annejacqueminsablon.fr/en/produit/table-madere/" />
<meta property="og:locale" content="en_US" />
<meta property="og:type" content="article" />
<meta property="og:title" content="Madère Table - Anne Jacquemin Sablon" />
<meta property="og:description" content="The Madère table in smoked and tinted oak is part of the Panama collection. It was designed by Atelier Linné in 2023. Its oval top and cross-shaped legs" />
<meta property="og:url" content="https://www.annejacqueminsablon.fr/en/produit/table-madere/" />
<meta property="og:site_name" content="Anne Jacquemin Sablon" />
<meta property="article:modified_time" content="2024-12-03T14:28:34+00:00" />
<meta property="og:image" content="https://www.annejacqueminsablon.fr/wp-content/uploads/2023/05/table.jpg" />
	<meta property="og:image:width" content="1000" />
	<meta property="og:image:height" content="750" />
	<meta property="og:image:type" content="image/jpeg" />
<meta name="twitter:card" content="summary_large_image" />
<meta name="twitter:label1" content="Est. reading time" />
	<meta name="twitter:data1" content="1 minute" />
<script type="application/ld+json" class="yoast-schema-graph">{"@context":"https://schema.org","@graph":[{"@type":"WebPage","@id":"https://www.annejacqueminsablon.fr/en/produit/table-madere/","url":"https://www.annejacqueminsablon.fr/en/produit/table-madere/","name":"Madère Table - Anne Jacquemin Sablon","isPartOf":{"@id":"https://www.annejacqueminsablon.fr/#website"},"primaryImageOfPage":{"@id":"https://www.annejacqueminsablon.fr/en/produit/table-madere/#primaryimage"},"image":{"@id":"https://www.annejacqueminsablon.fr/en/produit/table-madere/#primaryimage"},"thumbnailUrl":"https://www.annejacqueminsablon.fr/wp-content/uploads/2023/05/table.jpg","datePublished":"2023-05-18T15:58:55+00:00","dateModified":"2024-12-03T14:28:34+00:00","description":"The Madère table in smoked and tinted oak is part of the Panama collection. It was designed by Atelier Linné in 2023. Its oval top and cross-shaped legs","breadcrumb":{"@id":"https://www.annejacqueminsablon.fr/en/produit/table-madere/#breadcrumb"},"inLanguage":"en-US","potentialAction":[{"@type":"ReadAction","target":["https://www.annejacqueminsablon.fr/en/produit/table-madere/"]}]},{"@type":"ImageObject","inLanguage":"en-US","@id":"https://www.annejacqueminsablon.fr/en/produit/table-madere/#primaryimage","url":"https://www.annejacqueminsablon.fr/wp-content/uploads/2023/05/table.jpg","contentUrl":"https://www.annejacqueminsablon.fr/wp-content/uploads/2023/05/table.jpg","width":1000,"height":750},{"@type":"BreadcrumbList","@id":"https://www.annejacqueminsablon.fr/en/produit/table-madere/#breadcrumb","itemListElement":[{"@type":"ListItem","position":1,"name":"Home","item":"https://www.annejacqueminsablon.fr/"},{"@type":"ListItem","position":2,"name":"Boutique","item":"https://www.annejacqueminsablon.fr/boutique/"},{"@type":"ListItem","position":3,"name":"Madère Table"}]},{"@type":"WebSite","@id":"https://www.annejacqueminsablon.fr/#website","url":"https://www.annejacqueminsablon.fr/","name":"Anne Jacquemin Sablon","description":"Design d&#039;intérieur, mobilier contemporain, arts décoratifs","potentialAction":[{"@type":"SearchAction","target":{"@type":"EntryPoint","urlTemplate":"https://www.annejacqueminsablon.fr/?s={search_term_string}"},"query-input":{"@type":"PropertyValueSpecification","valueRequired":true,"valueName":"search_term_string"}}],"inLanguage":"en-US"}]}</script>
<!-- / Yoast SEO plugin. -->

Madère Table - Anne Jacquemin Sablon

The Madère table in smoked and tinted oak is part of the Panama collection. It was designed by Atelier Linné in 2023. Its oval top and cross-shaped legs

Design d&#039;intérieur, mobilier contemporain, arts décoratifs
